{"id":460,"date":"2019-06-24T23:11:37","date_gmt":"2019-06-24T23:11:37","guid":{"rendered":"http:\/\/staging.paceint.com\/?page_id=460"},"modified":"2021-03-11T01:19:55","modified_gmt":"2021-03-11T01:19:55","slug":"terminos-y-condiciones","status":"publish","type":"page","link":"https:\/\/www.paceint.com\/scla\/terminos-y-condiciones\/","title":{"rendered":"T\u00e9rminos y condiciones"},"content":{"rendered":"<div class=\"wpb-content-wrapper\"><p>[vc_row row_type=&#8221;row&#8221; use_row_as_full_screen_section=&#8221;no&#8221; type=&#8221;grid&#8221; text_align=&#8221;left&#8221; background_animation=&#8221;none&#8221; css_animation=&#8221;&#8221;][vc_column][vc_empty_space height=&#8221;70px&#8221;][vc_column_text]<em>\u00daltima revisi\u00f3n: 8 de julio de 2020<\/em><\/p>\n<p>El uso que usted haga de los sitios web en los que residen estos t\u00e9rminos (incluyendo, sin limitaci\u00f3n, los sitios web para m\u00f3viles) (colectivamente, el &#8220;sitio&#8221;), y el contenido y los servicios de este sitio est\u00e1n sujetos a estos t\u00e9rminos y condiciones de uso (los &#8220;T\u00e9rminos&#8221;). Al acceder a este sitio y a cualquiera de sus p\u00e1ginas, usted acepta quedar sujeto por los t\u00e9rminos que se indican a continuaci\u00f3n. Si no est\u00e1 de acuerdo con estos T\u00e9rminos, por favor salga del sitio. Consulte tambi\u00e9n nuestra Pol\u00edtica de privacidad para obtener una descripci\u00f3n de nuestras pr\u00e1cticas y pol\u00edticas de privacidad.<\/p>\n<p>Los t\u00e9rminos &#8220;nosotros&#8221;; &#8220;nos&#8221;; &#8220;nuestro&#8221;, y &#8220;Pace&#8221; se refieren a Pace International LLC y cualquiera de sus compa\u00f1\u00edas afiliadas. &#8220;Usted&#8221; se refiere a cualquier persona que acceda y\/o use el sitio.<\/p>\n<h4>ARBITRAJE VINCULANTE<\/h4>\n<p>Estos t\u00e9rminos incluyen una Disposici\u00f3n de Arbitraje que requiere un arbitraje vinculante de las disputas y una renuncia a ciertos derechos a juicios con jurado y\/o acciones colectivas.<\/p>\n<h4>ACTUALIZACIONES<\/h4>\n<p>Podemos actualizar estos T\u00e9rminos de vez en cuando. El uso continuado del Sitio por parte del usuario despu\u00e9s de la publicaci\u00f3n de cualquier modificaci\u00f3n de los T\u00e9rminos constituir\u00e1 su aceptaci\u00f3n de estar obligado a cumplir con dichos cambios.<\/p>\n<p>Propiedad del Sitio; Materiales del Sitio. Todas las p\u00e1ginas dentro de este sitio y cualquier material disponible para su descarga son propiedad de Pace. Este sitio est\u00e1 protegido por las leyes de Estados Unidos e internacionales de derechos de autor y marcas registradas. El contenido del sitio, incluyendo sin limitaci\u00f3n todos los datos, archivos, documentos, texto, fotograf\u00edas, im\u00e1genes, audio y video, cualquier material al que se acceda o que est\u00e9 disponible para nosotros o para ser descargado a trav\u00e9s de este sitio (&#8220;Contenido&#8221;) no puede ser copiado, distribuido, modificado, reproducido, publicado o usado, en su totalidad o en parte, excepto para los prop\u00f3sitos autorizados por estos T\u00e9rminos o de otra manera aprobados por escrito por Pace.<\/p>\n<p>El Sitio incluye ciertas marcas comerciales, nombres comerciales, marcas de servicio y logotipos propiedad de Pace y sus compa\u00f1\u00edas afiliadas, as\u00ed como sus licenciadores, proveedores y otros proveedores de informaci\u00f3n. Al usar este Sitio usted acepta no copiar, usar o de otra manera infringir estas marcas registradas o marcas de servicio. Adem\u00e1s, usted acepta que no alterar\u00e1 o eliminar\u00e1 ninguna marca registrada, derechos de autor u otro aviso de cualquier copia del Sitio.<\/p>\n<h4>SU USO DEL SITIO; MATERIALES DEL SITIO<\/h4>\n<p>El Sitio est\u00e1 destinado a uso personal solamente. Aunque puede interactuar o descargar una sola copia de cualquier parte del sitio para su informaci\u00f3n, entretenimiento o uso personal y no comercial, no puede reproducir, vender, publicar, distribuir, modificar, mostrar, reenviar o utilizar de cualquier otra forma cualquier parte del sitio, incluyendo cualquier contenido, de cualquier otra forma o para cualquier otro prop\u00f3sito sin el consentimiento por escrito de Pace.<\/p>\n<p>Adem\u00e1s, Pace le concede permiso para usar el sitio, siempre y cuando:<\/p>\n<ul class=\"productList\">\n<li>no utilizar\u00e1 ninguna funci\u00f3n de comunicaci\u00f3n electr\u00f3nica del Sitio para ning\u00fan prop\u00f3sito que sea ilegal, perjudicial, abusivo, intruso en la privacidad de otros, acosador, calumnioso, difamatorio, vergonzoso, obsceno, amenazante u odioso;<\/li>\n<li>no cargar\u00e1, publicar\u00e1, reproducir\u00e1 o distribuir\u00e1 ninguna informaci\u00f3n, software u otro material protegido por derechos de autor o cualquier otro derecho de propiedad intelectual (as\u00ed como los derechos de publicidad y privacidad) sin obtener primero el permiso del propietario de tales derechos;<\/li>\n<li>no puede utilizar ning\u00fan rascador web, rastreador, ara\u00f1a, robot u otro medio automatizado de cualquier tipo para acceder o copiar datos en el Sitio,<\/li>\n<li>no cargar\u00e1, publicar\u00e1, enviar\u00e1 por correo electr\u00f3nico o transmitir\u00e1 de otro modo ning\u00fan material que contenga virus o cualquier otro c\u00f3digo inform\u00e1tico, archivos o programas que puedan interrumpir, limitar o interferir con la funcionalidad de cualquier software o hardware inform\u00e1tico o equipo de telecomunicaciones; y<\/li>\n<li>de lo contrario, acatar\u00e1 con estos T\u00e9rminos.<\/li>\n<\/ul>\n<p>Contenido generado por el usuario; Publicaciones en el sitio; Toda la informaci\u00f3n enviada a Pace a trav\u00e9s de este sitio ser\u00e1 considerada no confidencial y permanecer\u00e1 como propiedad de Pace. Por favor note que Pace no quiere recibir informaci\u00f3n confidencial o de propiedad a trav\u00e9s de nuestro sitio y que cualquier informaci\u00f3n o material enviado a Pace ser\u00e1 considerado y tratado como NO confidencial. Al enviarnos cualquier informaci\u00f3n o material, usted otorga a Pace una licencia irrestricta, mundial, libre de regal\u00edas, perpetua e irrevocable para usar, copiar, modificar, mostrar, distribuir y transmitir esos materiales e informaci\u00f3n en cualquier medio, software o tecnolog\u00eda de cualquier tipo que exista ahora o se desarrolle en el futuro. Usted tambi\u00e9n est\u00e1 de acuerdo que Pace es libre de usar cualquier idea, concepto, conocimiento o t\u00e9cnica que usted nos env\u00ede para cualquier prop\u00f3sito. Sin embargo, no daremos a conocer su nombre o de otra forma publicitar el hecho de que usted nos envi\u00f3 material u otra informaci\u00f3n a menos que: (a) obtengamos su permiso para usar su nombre; (b) le notifiquemos primero que el material u otra informaci\u00f3n que usted env\u00ede a una parte particular de este sitio ser\u00e1 publicada o de otra manera usada con su nombre en ella; o (c) estemos obligados a hacerlo por ley. Pace no estar\u00e1 sujeto a ninguna obligaci\u00f3n de confidencialidad con respecto a la informaci\u00f3n presentada, excepto como se acuerde espec\u00edficamente por escrito por Pace o como sea requerido por la ley.<\/p>\n<p>Enlaces a otros sitios. Este sitio puede contener enlaces a sitios web controlados u ofrecidos por terceros (no afiliados a Pace). Pace por la presente renuncia a la responsabilidad de cualquier informaci\u00f3n, materiales, productos o servicios publicados u ofrecidos en cualquiera de los sitios de terceros vinculados a este sitio. Al crear un enlace a un sitio web de terceros, Pace no respalda o recomienda ning\u00fan producto o servicio ofrecido o informaci\u00f3n contenida en ese sitio web, ni es responsable de cualquier fallo de los productos o servicios ofrecidos o anunciados en esos sitios. Dicha tercera parte puede tener una pol\u00edtica de privacidad que difiere de la de Pace y el sitio web de la tercera parte puede proporcionar menos seguridad que el sitio de Pace.<\/p>\n<p>Si usted opera un sitio web y desea enlazar a paceint.com, debe enlazar a la p\u00e1gina principal del Sitio a menos que se haya otorgado permiso por escrito por parte de Pace, que se reserva el derecho de rechazar o terminar cualquier enlace al Sitio.<\/p>\n<h4>NO HAY GARANT\u00cdA (O SIN GARANT\u00cdA?)<\/h4>\n<p>LA INFORMACI\u00d3N Y MATERIALES CONTENIDOS EN ESTE SITIO, INCLUIDOS LOS<\/p>\n<p>TEXTOS, GR\u00c1FICOS, ENLACES U OTROS ELEMENTOS SE PROPORCIONAN &#8220;TAL CUAL&#8221;, &#8220;SEG\u00daN EST\u00c9N DISPONIBLES&#8221;. PACE NO GARANTIZA LA EXACTITUD, ADECUACI\u00d3N O INTEGRIDAD DE ESTA INFORMACI\u00d3N Y MATERIALES, Y EXPRESAMENTE RENUNCIA A LA RESPONSABILIDAD POR ERRORES U OMISIONES EN ESTA INFORMACI\u00d3N Y MATERIAL. NO SE OFRECE NINGUNA GARANT\u00cdA DE NING\u00daN TIPO, IMPL\u00cdCITA, EXPRESA O ESTATUTARIA, INCLUIDAS, PERO SIN LIMITARSE A ELLAS, LAS GARANT\u00cdAS DE NO VIOLACI\u00d3N DE LOS DERECHOS DE TERCEROS, DE T\u00cdTULO, DE COMERCIABILIDAD, DE IDONEIDAD PARA UN FIN DETERMINADO Y DE AUSENCIA DE VIRUS INFORM\u00c1TICOS, JUNTO CON LA INFORMACI\u00d3N Y LOS MATERIALES.<\/p>\n<p>USTED ASUME LA TOTAL RESPONSABILIDAD Y RIESGO POR EL USO DE ESTE SITIO, LOS SERVICIOS RELACIONADOS CON EL MISMO Y LOS SITIOS WEB ENLAZADOS. NO GARANTIZAMOS QUE LOS ARCHIVOS DISPONIBLES PARA SU DESCARGA EST\u00c9N LIBRES DE VIRUS, GUSANOS, TROYANOS U OTROS PROGRAMAS DESTRUCTIVOS. USTED ES RESPONSABLE DE IMPLEMENTAR PROCEDIMIENTOS SUFICIENTES PARA SATISFACER SUS NECESIDADES DE RESPALDO Y SEGURIDAD DE LOS DATOS.<\/p>\n<p>LAS GARANT\u00cdAS RELACIONADAS CON LOS PRODUCTOS O SERVICIOS OFRECIDOS, VENDIDOS Y DISTRIBUIDOS POR NOSOTROS EST\u00c1N SUJETAS A T\u00c9RMINOS Y CONDICIONES DE GARANT\u00cdA SEPARADOS, SI LOS HUBIERA, PROPORCIONADOS CON O EN RELACI\u00d3N CON LOS PRODUCTOS O SERVICIOS APLICABLES.<\/p>\n<p>Descargo de responsabilidad general y limitaci\u00f3n de responsabilidad USTED PUEDE USAR ESTE SITIO SOLAMENTE BAJO SU PROPIO RIESGO. EN NING\u00daN CASO PACE SER\u00c1 RESPONSABLE DE NING\u00daN DA\u00d1O, INCLUYENDO SIN LIMITACI\u00d3N LOS DA\u00d1OS DIRECTOS O INDIRECTOS, ESPECIALES, INCIDENTALES O CONSECUENTES, P\u00c9RDIDAS O GASTOS QUE SURJAN EN RELACI\u00d3N CON ESTE SITIO O CUALQUIER SITIO VINCULADO O EL USO DEL MISMO O LA INCAPACIDAD DE USO POR PARTE DE CUALQUIER PARTE, O EN RELACI\u00d3N CON CUALQUIER FALLA DE FUNCIONAMIENTO, ERROR, OMISI\u00d3N, INTERRUPCI\u00d3N, DEFECTO, DEMORA EN LA OPERACI\u00d3N O TRANSMISI\u00d3N, VIRUS DE COMPUTADORA O FALLA DE L\u00cdNEA O DE SISTEMA, INCLUSO SI PACE, O SUS REPRESENTANTES, SON ADVERTIDOS DE LA POSIBILIDAD DE TALES DA\u00d1OS, P\u00c9RDIDAS O GASTOS.<\/p>\n<p>SU \u00daNICO REMEDIO PARA LA INSATISFACCI\u00d3N CON EL SITIO, LOS SERVICIOS RELACIONADOS CON EL SITIO Y\/O LOS SITIOS WEB VINCULADOS ES DEJAR DE UTILIZAR EL SITIO Y\/O ESOS SERVICIOS. EN LA MEDIDA EN QUE CUALQUIERA DE LOS ASPECTOS DE LAS LIMITACIONES DE RESPONSABILIDAD ANTERIORES NO SEAN EJECUTABLES, LA RESPONSABILIDAD M\u00c1XIMA TOTAL DE NOSOTROS HACIA USTED CON RESPECTO A SU USO DE ESTE SITIO NO EXCEDER\u00c1 NINGUNA COMPENSACI\u00d3N QUE USTED PAGUE, SI LA HUBIERA, A PACE POR EL ACCESO O USO DE LOS SITIOS.<\/p>\n<h4>ARBITRAJE VINCULANTE<\/h4>\n<p>Usted acepta que cualquier controversia o reclamaci\u00f3n que surja o est\u00e9 relacionado con el Sitio, el uso del mismo, estos T\u00e9rminos y\/o la Pol\u00edtica de privacidad se resolver\u00e1 mediante un arbitraje vinculante en una ubicaci\u00f3n determinada por el \u00e1rbitro seg\u00fan lo establecido en el presente documento (siempre que dicha ubicaci\u00f3n sea razonablemente conveniente para usted), o en cualquier otro lugar que las partes acuerden mutuamente, de conformidad con las normas de procedimiento aplicables establecidas en las entonces vigentes Normas y Procedimientos de Arbitraje Integral de JAMS (&#8220;Normas y Procedimientos de JAMS&#8221;), y el fallo sobre el laudo dictado por el \u00e1rbitro o \u00e1rbitros podr\u00e1 ser dictado en cualquier tribunal que tenga jurisdicci\u00f3n sobre el mismo. Las Reglas y Procedimientos de JAMS est\u00e1n disponibles en www.jamsadr.com o llamando al (800) 352-5267. El \u00e1rbitro ser\u00e1 seleccionado de acuerdo con las Reglas y Procedimientos de JAMS. Alternativamente, usted puede hacer valer sus reclamos en un tribunal de reclamos menores de acuerdo con estos T\u00e9rminos si sus reclamos califican, y siempre y cuando el asunto permanezca en dicho tribunal y avance solo en forma individual (sin clase, sin representaci\u00f3n). El \u00e1rbitro aplicar\u00e1 la ley del Estado de Washington de acuerdo con la Ley Federal de Arbitraje y las leyes de prescripci\u00f3n aplicables, y honrar\u00e1 los reclamos de privilegios reconocidos por la ley. Si usted inicia un arbitraje contra nosotros, no ser\u00e1 responsable de los honorarios profesionales por los servicios del \u00e1rbitro ni de ning\u00fan otro honorario de JAMS. En el caso de que el reclamante pueda demostrar que los costos del arbitraje ser\u00e1n prohibitivos o mayores que los costos del litigio, Pace pagar\u00e1 la cantidad de los honorarios de presentaci\u00f3n y audiencia del reclamante en relaci\u00f3n con el arbitraje que el \u00e1rbitro considere necesario para evitar que el arbitraje sea prohibitivo o m\u00e1s caro que el costo del litigio. Si alguna parte de esta disposici\u00f3n de arbitraje se considera inv\u00e1lida, inaplicable o ilegal (aparte de que las reclamaciones no ser\u00e1n arbitradas en una base de clase o representativa), o de otro modo entra en conflicto con las reglas y procedimientos establecidos por JAMS, entonces el resto de esta disposici\u00f3n de arbitraje permanecer\u00e1 en vigor y se interpretar\u00e1 de acuerdo con sus t\u00e9rminos como si la disposici\u00f3n inv\u00e1lida, inaplicable, ilegal o en conflicto no estuviera contenida aqu\u00ed. Sin embargo, si la parte que se considera inv\u00e1lida, inaplicable o ilegal es que las reclamaciones no se arbitrar\u00e1n sobre una base de clase o representativa, entonces la totalidad de esta disposici\u00f3n de arbitraje ser\u00e1 nula y sin efecto, y ni el demandante ni Pace tendr\u00e1n derecho a arbitrar su disputa. EL ARBITRAJE DE LAS DISPUTAS DE ACUERDO CON ESTE P\u00c1RRAFO SER\u00c1 EN SU CAPACIDAD INDIVIDUAL, Y NO COMO<\/p>\n<p>DEMANDANTE O MIEMBRO DE LA CLASE EN NING\u00daN SUPUESTO PROCEDIMIENTO DE CLASE O REPRESENTATIVO. EL \u00c1RBITRO NO PODR\u00c1 CONSOLIDAR O UNIRSE A LAS DEMANDAS DE OTRAS PERSONAS O PARTES QUE PUEDAN ESTAR EN UNA SITUACI\u00d3N SIMILAR.<\/p>\n<h4>LEY VIGENTE<\/h4>\n<p>El uso de este sitio se regir\u00e1 e interpretar\u00e1 de acuerdo con todas las leyes federales aplicables de los Estados Unidos de Am\u00e9rica y las leyes del Estado de Washington, sin tener en cuenta sus conflictos de disposiciones legales. Usted, por este medio, acuerda<\/p>\n<p>que cualquier causa de acci\u00f3n que usted pueda tener con respecto al Sitio debe ser presentada en los tribunales federales o estatales ubicados en Seattle, Washington, dentro de un a\u00f1o despu\u00e9s de que surja la causa de acci\u00f3n o que la causa haya prescrito.<\/p>\n<h4>VARIOS<\/h4>\n<p>Pace puede modificar, suspender, descontinuar o restringir el uso de cualquier parte del sitio, incluyendo la disponibilidad de cualquier parte del sitio en cualquier momento, sin aviso o responsabilidad. Estos T\u00e9rminos operan en la mayor medida permitida por la ley. Si Pace no act\u00faa con respecto a su incumplimiento o el incumplimiento de cualquier otra persona en cualquier ocasi\u00f3n, Pace no est\u00e1 renunciando a su derecho de actuar con respecto a incumplimientos futuros o similares. Si cualquier provisi\u00f3n de estos T\u00e9rminos es ilegal, nula o por cualquier raz\u00f3n inaplicable, entonces esa provisi\u00f3n ser\u00e1 considerada separable de estos T\u00e9rminos y no afectar\u00e1 la validez y la aplicabilidad de las provisiones restantes. Estos T\u00e9rminos constituyen el acuerdo completo entre usted y Pace con respecto al uso del Sitio. \u00daltima revisi\u00f3n: julio, 2020<\/p>\n<p>El uso que usted haga de los sitios web en los que residen estos t\u00e9rminos (incluyendo, sin limitaci\u00f3n, los sitios web para m\u00f3viles) (colectivamente, el &#8220;sitio&#8221;), y el contenido y los servicios de este sitio est\u00e1n sujetos a estos t\u00e9rminos y condiciones de uso (los &#8220;T\u00e9rminos&#8221;). Al acceder a este sitio y a cualquiera de sus p\u00e1ginas, usted acepta quedar sujeto por los t\u00e9rminos que se indican a continuaci\u00f3n. Si no est\u00e1 de acuerdo con estos T\u00e9rminos, por favor salga del sitio. Consulte tambi\u00e9n nuestra Pol\u00edtica de privacidad para obtener una descripci\u00f3n de nuestras pr\u00e1cticas y pol\u00edticas de privacidad.<\/p>\n<p>Los t\u00e9rminos &#8220;nosotros&#8221;; &#8220;nos&#8221;; &#8220;nuestro&#8221;, y &#8220;Pace&#8221; se refieren a Pace International LLC y cualquiera de sus compa\u00f1\u00edas afiliadas. &#8220;Usted&#8221; se refiere a cualquier persona que acceda y\/o use el sitio.<br \/>\n[\/vc_column_text][vc_empty_space height=&#8221;25px&#8221;][vc_column_text]<a href=\"https:\/\/www.paceint.com\/scla\/politica-de-privacidad\/\">Lea nuestra pol\u00edtica de privacidad<\/a>[\/vc_column_text][vc_empty_space height=&#8221;70px&#8221;][\/vc_column][\/vc_row]<\/p>\n<\/div>","protected":false},"excerpt":{"rendered":"<p>[vc_row row_type=&#8221;row&#8221; use_row_as_full_screen_section=&#8221;no&#8221; type=&#8221;grid&#8221; text_align=&#8221;left&#8221; background_animation=&#8221;none&#8221; css_animation=&#8221;&#8221;][vc_column][vc_empty_space height=&#8221;70px&#8221;][vc_column_text]\u00daltima revisi\u00f3n: 8 de julio de 2020 El uso que usted haga de&#8230;<\/p>\n","protected":false},"author":1,"featured_media":0,"parent":0,"menu_order":0,"comment_status":"closed","ping_status":"closed","template":"full_width.php","meta":{"_acf_changed":false,"_monsterinsights_skip_tracking":false,"_monsterinsights_sitenote_active":false,"_monsterinsights_sitenote_note":"","_monsterinsights_sitenote_category":0,"footnotes":""},"class_list":["post-460","page","type-page","status-publish","hentry"],"acf":[],"yoast_head":"<!-- This site is optimized with the Yoast SEO plugin v24.0 - https:\/\/yoast.com\/wordpress\/plugins\/seo\/ -->\n<title>T\u00e9rminos y condiciones - Pace Spanish<\/title>\n<meta name=\"robots\" content=\"index, follow, max-snippet:-1, max-image-preview:large, max-video-preview:-1\" \/>\n<link rel=\"canonical\" href=\"https:\/\/www.paceint.com\/scla\/terminos-y-condiciones\/\" \/>\n<meta property=\"og:locale\" content=\"es_ES\" \/>\n<meta property=\"og:type\" content=\"article\" \/>\n<meta property=\"og:title\" content=\"T\u00e9rminos y condiciones - Pace Spanish\" \/>\n<meta property=\"og:description\" content=\"[vc_row row_type=&#8221;row&#8221; use_row_as_full_screen_section=&#8221;no&#8221; type=&#8221;grid&#8221; text_align=&#8221;left&#8221; background_animation=&#8221;none&#8221; css_animation=&#8221;&#8221;][vc_column][vc_empty_space height=&#8221;70px&#8221;][vc_column_text]\u00daltima revisi\u00f3n: 8 de julio de 2020 El uso que usted haga de...\" \/>\n<meta property=\"og:url\" content=\"https:\/\/www.paceint.com\/scla\/terminos-y-condiciones\/\" \/>\n<meta property=\"og:site_name\" content=\"Pace Spanish\" \/>\n<meta property=\"article:modified_time\" content=\"2021-03-11T01:19:55+00:00\" \/>\n<meta name=\"twitter:card\" content=\"summary_large_image\" \/>\n<meta name=\"twitter:label1\" content=\"Tiempo estimado de lectura\" \/>\n\t<meta name=\"twitter:data1\" content=\"11 minutos\" \/>\n<script type=\"application\/ld+json\" class=\"yoast-schema-graph\">{\"@context\":\"https:\/\/schema.org\",\"@graph\":[{\"@type\":\"WebPage\",\"@id\":\"https:\/\/www.paceint.com\/scla\/terminos-y-condiciones\/\",\"url\":\"https:\/\/www.paceint.com\/scla\/terminos-y-condiciones\/\",\"name\":\"T\u00e9rminos y condiciones - Pace Spanish\",\"isPartOf\":{\"@id\":\"https:\/\/www.paceint.com\/scla\/#website\"},\"datePublished\":\"2019-06-24T23:11:37+00:00\",\"dateModified\":\"2021-03-11T01:19:55+00:00\",\"breadcrumb\":{\"@id\":\"https:\/\/www.paceint.com\/scla\/terminos-y-condiciones\/#breadcrumb\"},\"inLanguage\":\"es-CL\",\"potentialAction\":[{\"@type\":\"ReadAction\",\"target\":[\"https:\/\/www.paceint.com\/scla\/terminos-y-condiciones\/\"]}]},{\"@type\":\"BreadcrumbList\",\"@id\":\"https:\/\/www.paceint.com\/scla\/terminos-y-condiciones\/#breadcrumb\",\"itemListElement\":[{\"@type\":\"ListItem\",\"position\":1,\"name\":\"Home\",\"item\":\"https:\/\/www.paceint.com\/scla\/\"},{\"@type\":\"ListItem\",\"position\":2,\"name\":\"T\u00e9rminos y condiciones\"}]},{\"@type\":\"WebSite\",\"@id\":\"https:\/\/www.paceint.com\/scla\/#website\",\"url\":\"https:\/\/www.paceint.com\/scla\/\",\"name\":\"Pace Spanish\",\"description\":\"Maker of postharvest solutions for agriculture worldwide\",\"potentialAction\":[{\"@type\":\"SearchAction\",\"target\":{\"@type\":\"EntryPoint\",\"urlTemplate\":\"https:\/\/www.paceint.com\/scla\/?s={search_term_string}\"},\"query-input\":{\"@type\":\"PropertyValueSpecification\",\"valueRequired\":true,\"valueName\":\"search_term_string\"}}],\"inLanguage\":\"es-CL\"}]}<\/script>\n<!-- \/ Yoast SEO plugin. -->","yoast_head_json":{"title":"T\u00e9rminos y condiciones - Pace Spanish","robots":{"index":"index","follow":"follow","max-snippet":"max-snippet:-1","max-image-preview":"max-image-preview:large","max-video-preview":"max-video-preview:-1"},"canonical":"https:\/\/www.paceint.com\/scla\/terminos-y-condiciones\/","og_locale":"es_ES","og_type":"article","og_title":"T\u00e9rminos y condiciones - Pace Spanish","og_description":"[vc_row row_type=&#8221;row&#8221; use_row_as_full_screen_section=&#8221;no&#8221; type=&#8221;grid&#8221; text_align=&#8221;left&#8221; background_animation=&#8221;none&#8221; css_animation=&#8221;&#8221;][vc_column][vc_empty_space height=&#8221;70px&#8221;][vc_column_text]\u00daltima revisi\u00f3n: 8 de julio de 2020 El uso que usted haga de...","og_url":"https:\/\/www.paceint.com\/scla\/terminos-y-condiciones\/","og_site_name":"Pace Spanish","article_modified_time":"2021-03-11T01:19:55+00:00","twitter_card":"summary_large_image","twitter_misc":{"Tiempo estimado de lectura":"11 minutos"},"schema":{"@context":"https:\/\/schema.org","@graph":[{"@type":"WebPage","@id":"https:\/\/www.paceint.com\/scla\/terminos-y-condiciones\/","url":"https:\/\/www.paceint.com\/scla\/terminos-y-condiciones\/","name":"T\u00e9rminos y condiciones - Pace Spanish","isPartOf":{"@id":"https:\/\/www.paceint.com\/scla\/#website"},"datePublished":"2019-06-24T23:11:37+00:00","dateModified":"2021-03-11T01:19:55+00:00","breadcrumb":{"@id":"https:\/\/www.paceint.com\/scla\/terminos-y-condiciones\/#breadcrumb"},"inLanguage":"es-CL","potentialAction":[{"@type":"ReadAction","target":["https:\/\/www.paceint.com\/scla\/terminos-y-condiciones\/"]}]},{"@type":"BreadcrumbList","@id":"https:\/\/www.paceint.com\/scla\/terminos-y-condiciones\/#breadcrumb","itemListElement":[{"@type":"ListItem","position":1,"name":"Home","item":"https:\/\/www.paceint.com\/scla\/"},{"@type":"ListItem","position":2,"name":"T\u00e9rminos y condiciones"}]},{"@type":"WebSite","@id":"https:\/\/www.paceint.com\/scla\/#website","url":"https:\/\/www.paceint.com\/scla\/","name":"Pace Spanish","description":"Maker of postharvest solutions for agriculture worldwide","potentialAction":[{"@type":"SearchAction","target":{"@type":"EntryPoint","urlTemplate":"https:\/\/www.paceint.com\/scla\/?s={search_term_string}"},"query-input":{"@type":"PropertyValueSpecification","valueRequired":true,"valueName":"search_term_string"}}],"inLanguage":"es-CL"}]}},"_links":{"self":[{"href":"https:\/\/www.paceint.com\/scla\/wp-json\/wp\/v2\/pages\/460","targetHints":{"allow":["GET"]}}],"collection":[{"href":"https:\/\/www.paceint.com\/scla\/wp-json\/wp\/v2\/pages"}],"about":[{"href":"https:\/\/www.paceint.com\/scla\/wp-json\/wp\/v2\/types\/page"}],"author":[{"embeddable":true,"href":"https:\/\/www.paceint.com\/scla\/wp-json\/wp\/v2\/users\/1"}],"replies":[{"embeddable":true,"href":"https:\/\/www.paceint.com\/scla\/wp-json\/wp\/v2\/comments?post=460"}],"version-history":[{"count":25,"href":"https:\/\/www.paceint.com\/scla\/wp-json\/wp\/v2\/pages\/460\/revisions"}],"predecessor-version":[{"id":5699,"href":"https:\/\/www.paceint.com\/scla\/wp-json\/wp\/v2\/pages\/460\/revisions\/5699"}],"wp:attachment":[{"href":"https:\/\/www.paceint.com\/scla\/wp-json\/wp\/v2\/media?parent=460"}],"curies":[{"name":"wp","href":"https:\/\/api.w.org\/{rel}","templated":true}]}}